3120
In base 6, what is 3 - 102411234?
-102411231
In base 7, what is 43 - 15420404?
-15420331
In base 4, what is -101111321 + 1022332?
-100022323
In base 15, what is 55eda3 + 12c?
55eed0
In base 15, what is -100a5dd + 4?
-100a5d9
In base 10, what is -2232 + -1313?
-3545
In base 15, what is 15 - -14c0a?
14c20
In base 6, what is -205411122 + -5?
-205411131
In base 13, what is -3 + 1c673?
1c670
In base 16, what is -55b - 192ee?
-19849
In base 15, what is -4d8 + -33c4?
-38ac
In base 10, what is -6618 - 18143?
-24761
In base 11, what is 1 + 17409154?
17409155
In base 6, what is -40500153 + 0?
-40500153
In base 8, what is -26462 - 3346?
-32030
In base 6, what is -214440312 + -2041?
-214442353
In base 2, what is 1110000101010000110000000 + 0?
1110000101010000110000000
In base 6, what is -4352 - 5342215?
-5351011
In base 14, what is 5 + 19a09c?
19a0a3
In base 3, what is -1221112101111011 - 11?
-1221112101111022
In base 3, what is -2021222210 + -110011?
-2022102221
In base 2, what is -100001 + -10101010110001110111001?
-10101010110001111011010
In base 10, what is -49567 - 4349?
-53916
In base 4, what is -32320022 + -3300?
-32323322
In base 13, what is -b7263a + -1?
-b7263b
In base 16, what is 3 - -184198?
18419b
In base 14, what is 202d - -3b?
206a
In base 12, what is -1b54 + 590?
-1584
In base 16, what is 40d34 + -581?
407b3
In base 9, what is 1135788606 - -3?
1135788610
In base 10, what is -5069 - 12506?
-17575
In base 6, what is -25545322 - -210?
-25545112
In base 6, what is 441 - -112354411?
112355252
In base 10, what is -282391530 + 4?
-282391526
In base 15, what is -192d252 - -1?
-192d251
In base 15, what is -95de + 251?
-938d
In base 11, what is -6 - -17617475?
1761746a
In base 8, what is -160 - 173217?
-173377
In base 11, what is -13 + -12652a9?
-1265311
In base 8, what is -10332714 - 0?
-10332714
In base 2, what is 11110001000100 + 1110000111?
11111111001011
In base 13, what is -3109738 - 9?
-3109744
In base 2, what is -1001110011110010 - -10100101?
-1001110001001101
In base 7, what is -32455114 + -200?
-32455314
In base 13, what is -9c34a - ab6?
-a0133
In base 8, what is 33 - 4746534?
-4746501
In base 13, what is 1729b5 + 9?
1729c1
In base 9, what is 3 - 2023185?
-2023182
In base 8, what is -3265 - -4530?
1243
In base 14, what is -d + d7bdd1?
d7bdc2
In base 16, what is -109 - -438aa?
437a1
In base 10, what is 70340 - -6521?
76861
In base 8, what is -1 + 56266147?
56266146
In base 10, what is -59 + 8164071?
8164012
In base 11, what is 16662 - 4061?
12601
In base 16, what is -5a22e0 + c?
-5a22d4
In base 11, what is 16 + -123532?
-123517
In base 3, what is 10222 - 11002100012000?
-11002100001001
In base 11, what is -1484 - 211a11?
-213395
In base 5, what is 1130321043 + 1?
1130321044
In base 12, what is -3 - a39903?
-a39906
In base 4, what is 30130030 + -1301?
30122123
In base 12, what is 1403464 - 2?
1403462
In base 15, what is 39 - -2c2538?
2c2572
In base 3, what is 2222022112 + -10111121?
2211210221
In base 12, what is 320093 + -11?
320082
In base 15, what is 1a169 - -939?
1aaa3
In base 16, what is 11f + -2a74?
-2955
In base 7, what is -1 + 241044442?
241044441
In base 15, what is 12c7d - ad5?
12198
In base 4, what is -100001 - 1223121?
-1323122
In base 14, what is -aa2 - 1318?
-1dba
In base 5, what is 10341 - -310100?
320441
In base 6, what is -1 + 145215542?
145215541
In base 3, what is 2 + -121220120102010121?
-121220120102010112
In base 3, what is -211011200 + 110?
-211011020
In base 13, what is 5bac871 + -2?
5bac86c
In base 5, what is 12203 - 4213132?
-4200424
In base 8, what is -1635 + -42226?
-44063
In base 9, what is 1185680 + -15?
1185664
In base 16, what is cce - -1c97?
2965
In base 12, what is 723 + -46014?
-454b1
In base 8, what is -2 - 10712075?
-10712077
In base 6, what is -352314 - 1050?
-353404
In base 5, what is -101122212402 + 0?
-101122212402
In base 5, what is 344201222 - -1132?
344202404
In base 14, what is -1 - 8dc26d1?
-8dc26d2
In base 4, what is 123 + 113201111?
113201300
In base 12, what is 2a178142 + 3?
2a178145
In base 8, what is -346 - -1634226?
1633660
In base 15, what is -4a83 + -2ea?
-4d7d
In base 9, what is -14444 - -40080?
24535
In base 10, what is -1 + -2158991?
-2158992
In base 9, what is -5345 - -12584?
6238
In base 9, what is -51703738 + -3?
-51703742
In base 13, what is 115510 - -9c?
1155ac
In base 11, what is 2 - 2546819?
-2546817
In base 7, what is 351 - 15653?
-15302
In base 13, what is -145 + -c91b?
-ca63
In base 16, what is 4b - 38088?
-3803d
In base 8, what is 130017 + 203?
130222
In base 7, what is -21016 + 3503?
-14213
In base 7, what is 0 - 261116415?
-261116415
In base 5, what is -4002140412 - -413?
-4002134444
In base 7, what is -3 + 1114205?
1114202
In base 4, what is 313330300333 - -20?
313330301013
In base 11, what is 1792 + 4897?
6579
In base 6, what is 3 - 11023433355?
-11023433352
In base 16, what is -1 + e963f?
e963e
In base 7, what is 6 + 1222310046?
1222310055
In base 11, what is aa80060 + 4?
aa80064
In base 6, what is -20 - 22321340?
-22321400
In base 16, what is a0 + a7034?
a70d4
In base 15, what is 32e61 - -a7?
33018
In base 3, what is 20112101101 - 12122?
20112011202
In base 13, what is 6b1ba4 + 5?
6b1ba9
In base 6, what is 11115 - 50104?
-34545
In base 16, what is f9 + -1e5e13?
-1e5d1a
In base 4, what is -122 + -13002223202?
-13002223330
In base 7, what is 44233 - 6552?
34351
In base 2, what is 10011111110100100000011011 - -10?
10011111110100100000011101
In base 9, what is 65267 - 5268?
58888
In base 8, what is -20135134 + -2?
-20135136
In base 5, what is -34 - -1032442304?
1032442220
In base 2, what is 10110100101000111011001 - -10111?
10110100101000111110000
In base 5, what is 3221222104 + 0?
3221222104
In base 11, what is -5a - 2442a?
-24489
In base 4, what is 103 - 10301131220?
-10301131111
In base 10, what is 0 + 8797374?
8797374
In base 8, what is 2571567 - -370?
2572157
In base 5, what is -42334421240 - 2?
-42334421242
In base 11, what is -1a74 + -3605?
-5579
In base 11, what is 2a5 + 195aa?
198a4
In base 4, what is 1 + 110032203201?
110032203202
In base 7, what is 213244304 - -1?
213244305
In base 8, what is -163 + 46224?
46041
In base 10, what is -5 - -1762582?
1762577
In base 13, what is 524a29 - -7?
524a33
In base 8, what is 251256 + -731?
250325
In base 7, what is 10 + 46263516?
46263526
In base 12, what is 48a - b3a0?
-ab12
In base 7, what is -10166 + 160415?
150216
In base 5, what is 110104142 + 2133?
110111330
In base 2, what is 110101000111111011101011 - -10011?
110101000111111011111110
In base 14, what is 5875 - -672?
6107
In base 5, what is 410243223434 + -4?
410243223430
In base 12, what is -6 - 822a64?
-822a6a
In base 6, what is -13 - -2522130223?
2522130210
In base 2, what is 100011001110110100010010001100 - 10?
100011001110110100010010001010
In base 8, what is 13 + 1202444?
1202457
In base 12, what is -18a7 - 1570?
-3257
In base 6, what is -142413345 - 34?
-142413423
In base 12, what is -3 - 2a8a8b0?
-2a8a8b3
In base 5, what is -401103434 - -1?
-401103433
In base 5, what is -140341 + -140103?
-330444
In base 4, what is -312303 + -31?
-313000
In base 8, what is 52452167 - 4?
52452163
In base 13, what is -3 - a64a2a?
-a64a30
In base 10, what is -31 + -85222?
-85253
In base 13, what is -30a + -4ac5?
-5102
In base 11, what is 47714 - -12a6?
48a0a
In base 2, what is 10001100010010011101100 + 100010?
10001100010010100001110
In base 11, what is 4621 - 66565?
-61a44
In base 14, what is b77d14 + -b?
b77d07
In base 4, what is 133 - -133203203230?
133203210023
In base 5, what is -42 + 141040031?
141034434
In base 6, what is -10552251 - 2205?
-10554500
In base 7, what is -20456501 + 6?
-20456462
In base 15, what is -31b16 - 9d2?
-325e8
In base 2, what is -10101 + -10010001111010000101?
-10010001111010011010
In base 11, what is 587 + 677?
1153
In base 6, what is 453251525 + 5?
453251534
In base 13, what is a49cb - 57?
a4974
In base 4, what is 3333132 + 1033320?
11033112
In base 7, what is 52 + -1253221?
-1253136
In base 7, what is 1202160433 + -13?
1202160420
In base 10, what is -21318 + -18859?
-40177
In base 16, what is e61503 + -1?
e61502
In base 8, what is 4 - 1060046265?
-1060046261
In base 7, what is 14325463 - 16?
14325444
In base 7, what is -10 - -40653544?
4